 What is the remainder when b is divided by d?
2
Suppose 5*d - 119 = -4*a, 5*d - 2*a + 5*a - 123 = 0. Suppose 68 + d = 5*l. Calculate the remainder when 54 is divided by l.
16
Let h = -83 + 187. Suppose 4*c - 348 = -h. Suppose c - 13 = 2*i. What is the remainder when i is divided by 13?
11
Calculate the remainder when -2*(-12)/(-40)*-55 is divided by 18.
15
Let c = 12 - 6. Suppose -3*u + 16 = i - 21, 2*u + 2*i - 30 = 0. Calculate the remainder when u is divided by c.
5
Let z(a) = -4 + 7*a**2 - 1 + a - 12*a + a**3. Calculate the remainder when z(-8) is divided by 10.
9
Suppose 7 = 2*w + 3. What is the remainder when 5 is divided by w?
1
Let p(q) = 2*q**2 + q - 6. Let c(x) = -x**2 - x + 5. Let k(w) = 3*c(w) + 2*p(w). Calculate the remainder when k(7) is divided by 16.
13
Let v(h) = h**2 - 19*h + 20. What is the remainder when 11 is divided by v(18)?
1
Suppose -12 = -0*o - 5*o + 3*h, 0 = -h + 1. Let i(q) = -2*q - 1. Suppose 9 + 6 = -5*k. Calculate the remainder when i(k) is divided by o.
2
Suppose 4*y = 12, -6*j + j = -4*y - 88. Suppose 0*o + 2*o = j. What is the remainder when 39 is divided by o?
9
Let i(u) = 3*u**2 + u + 1. Suppose 4 = -0*w - 2*w. Let b = 11 + w. What is the remainder when i(-3) is divided by b?
7
Let n(t) = t**3 + 4*t**2 - 6*t + 3. What is the remainder when 13 is divided by n(-5)?
5
Let g(b) be the first derivative of -3/2*b**2 + 0*b - 1 + 1/3*b**3. What is the remainder when 35 is divided by g(-3)?
17
Suppose 2*l + u + 3*u - 46 = 0, -5*u = -5*l + 100. Calculate the remainder when 81 is divided by l.
18
Let j(x) = 4*x - 5. Suppose -105 = 4*c + 5*b, 2*c - 2 = 4*b - 22. Calculate the remainder when j(6) is divided by (1 + c/6)*-3.
5
What is the remainder when 4607/85 + 1/(-5) + 0 is divided by 15?
9
Suppose 3*p - 110 + 74 = 0. Calculate the remainder when 31 is divided by p.
7
Let h(z) = z**2 + z - 9. Let g be h(0). Let q = 22 + g. Calculate the remainder when q is divided by 4.
1
Let m = -10 + 9. Let n be 1 - (-3 + 4 + m). Calculate the remainder when ((-62)/(-6)*3)/n is divided by 16.
15
Suppose 0 = 4*u + 3*w - 20, -5*u - 4*w + 2*w = -18. Suppose -40 = -2*c - u*c. Calculate the remainder when 19 is divided by c.
9
Suppose -2*x - 36 = -4*x. Let a = -76 - -129. Calculate the remainder when a is divided by x.
17
Suppose 0 = 3*s + 70 + 47. Let p = 56 + s. Calculate the remainder when p is divided by 3/(1/(-1)) - -9.
5
Let t(w) = w**2 - w - 2. Let z be t(2). Suppose 0 = -z*k - k + 32. Suppose -42 = -2*r + 5*p, 24 = 4*r + 7*p - 2*p. What is the remainder when k is divided by r?
10
Let n = 5 + 4. Suppose -5*v = 1 - 16. Calculate the remainder when n is divided by v.
0
Suppose 0 = 5*u - 3*u - 26. What is the remainder when 75 is divided by u?
10
Suppose 4*x = 8, 0 = -2*d - 3*x + 10 - 0. Let u = 46 - 41. What is the remainder when u is divided by d?
1
Let i = 27 + -16. Let h be 75/6 - (-1)/(-2). Suppose h*n = 9*n + 96. Calculate the remainder when n is divided by i.
10
Suppose -4*j - 2*i = -222, -24 = -j - 3*i + 29. Let q(h) = 14*h + 1. What is the remainder when j is divided by q(1)?
11
Let c be (1*2)/((-4)/(-8)). Suppose h - v = 14, c - 1 = v. Calculate the remainder when h is divided by 10.
7
Suppose -b - 12 = -3*b - m, -5*b + 29 = 3*m. What is the remainder when b is divided by 3/(3/(9/3))?
1
Let k be (1 + -6)*24/(-30). Suppose 2*t - 104 = -4*v, k*t + 8 = 5*v - 4*v. Calculate the remainder when 46 is divided by v.
22
Let x = 4 + -6. Let d be (-4)/((-4)/(-35))*x. Suppose 0 = z + z - d. Calculate the remainder when z is divided by 12.
11
Let z(v) = -13*v + 2. Let j be z(-4). Suppose -2*x - j = -246. Suppose -5*o = 15, 3*a - o - 2*o - x = 0. What is the remainder when a is divided by 10?
9
Suppose -a + p = -73, a - p + 3*p = 67. Calculate the remainder when a is divided by 37.
34
Let y = 84 - 58. Calculate the remainder when y is divided by 9.
8
Let p(d) = 4*d**2 + 3*d + 3. Let y(x) = x + 3. Let a be y(-6). What is the remainder when p(a) is divided by 16?
14
Let v(u) = u**3 + 9*u**2 + 5*u + 3. Let q be v(-4). Suppose -2*k = -4*k - 5*y + q, 0 = -3*k - 3*y + 72. Calculate the remainder when 37 is divided by k.
18
What is the remainder when 118 is divided by (-1 - 2) + 3 - -1 - -29?
28
Suppose -2 = 4*n + 2*c, 2*n + 5*c - 2*c = -11. What is the remainder when 9 is divided by n?
1
Suppose -f + 10 = -0*g + g, -45 = -3*f + 2*g. Suppose -2*a + f = -a. What is the remainder when 25 is divided by a?
12
Let y = 54 - 37. What is the remainder when 64 is divided by y?
13
Let k(y) = -15*y + 1. What is the remainder when k(-1) is divided by 10?
6
Let k(i) = i**3 + 7*i**2 + 6*i + 10. What is the remainder when 107 is divided by k(-6)?
7
What is the remainder when 153 is divided by (3 - (4 + -37)) + 3?
36
Suppose u + 3*g + 186 = 5*u, -221 = -5*u - 2*g. Calculate the remainder when u is divided by 16.
13
Let l = 50 + -20. Suppose 4*w = -2*b + 62, 6*w - 4*b - 20 = 5*w. Calculate the remainder when l is divided by w.
14
Suppose -2*h - 3*c = c - 2, 0 = -2*h + 3*c + 23. Let r = -4 + 6. Suppose -r*x = x - 9. What is the remainder when h is divided by x?
1
Suppose -14 = -4*n + 90. What is the remainder when n is divided by 14?
12
Suppose -12 = 2*y - 5*y. What is the remainder when 5 is divided by y?
1
Suppose 0 = -i - 3*v + 72, -4*i = 4*v - 5*v - 223. What is the remainder when i is divided by 15?
12
Let g be (-1)/2*2*2. What is the remainder when g/(-3) - (-201)/9 is divided by 12?
11
Let d = -30 - -56. Let b = d + -10. Calculate the remainder when 30 is divided by b.
14
Suppose 2*h = 3*t - 8*t + 120, 0 = -t + 3*h + 7. Calculate the remainder when t is divided by 5.
2
Suppose -5 = 5*f + 5*b, -3*b = -5*f - 5*b + 10. Suppose f*l + 72 = 6*l. Calculate the remainder when l is divided by 19.
17
Let u(d) = -d**2 - 14*d + 1. Let m be 1/(33/(-30) - -1). Calculate the remainder when u(m) is divided by 14.
13
Let l = 30 + -26. Calculate the remainder when l is divided by 3.
1
Suppose -11*a + 6*a + 40 = 0. Calculate the remainder when 36 is divided by a.
4
Let f(d) = 3*d**2 - d + 2. What is the remainder when f(2) is divided by ((-6)/(-4))/((-6)/(-28))?
5
Suppose -3 = -4*s + 33. Calculate the remainder when s is divided by 6.
3
Suppose -j - 4*y - y + 52 = 0, 2*j + y = 95. What is the remainder when j is divided by 4/(-18) + 292/18?
15
Calculate the remainder when (38/(-3))/1*-3 is divided by (11 - 1)/(2/12*3).
18
Calculate the remainder when 76*((-8)/4)/(-2) is divided by 20.
16
Suppose -5*g = 4*r - 112, g = 3*r - 2*r - 37. What is the remainder when r is divided by 12?
9
Let h(x) = -8*x - 9. What is the remainder when h(-7) is divided by (2 - (3 + -2))/((-1)/(-12))?
11
Suppose 6*w - 25 = w. Suppose 20 = -w*o + 80. Let g = -70 + 105. Calculate the remainder when g is divided by o.
11
Let a = -17 - -25. Calculate the remainder when 2/6 - (-65)/3 is divided by a.
6
Suppose 0 = q - 6*q + 170. Suppose 4*y = 3*y - 3*i + q, -2*i = -5*y + 119. Calculate the remainder when 99 is divided by y.
24
Suppose -h + 2*h - 3 = 0. Suppose -2*l + 46 = -2*c, -4*l - h*c - c = -92. What is the remainder when 90 is divided by l?
21
Let c = 0 - 0. Suppose d = -c*d + 14. Suppose w - 4*g + 12 = 0, 3*w - d + 0 = 2*g. What is the remainder when 23 is divided by w?
7
Suppose y - 3*y + 6 = 0. Suppose 68 = t + y*t. What is the remainder when t is divided by 6?
5
Let d = -2 - -2. Suppose -2*z + 4 + 2 = d. Suppose 3 + 7 = 2*u. What is the remainder when u is divided by z?
2
Suppose -7 = -j - 4*u + 53, 0 = -3*j - 2*u + 150. Let q(x) = x**2 + 8*x + 25. Calculate the remainder when j is divided by q(-5).
8
Let n = 1 + 0. Let d = 25 - n. Suppose -2*l - 13 = -3*l. Calculate the remainder when d is divided by l.
11
Let n = 16 + -6. Suppose -z + 4 + n = 0. Calculate the remainder when 26 is divided by z.
12
Suppose 0 = 7*m - 3*m - 96. Suppose 74 = 2*h - 20. What is the remainder when h is divided by m?
23
Let w(z) = -8*z + 4. Let b be w(-4). Suppose -12*c + b = -10*c. What is the remainder when 34 is divided by c?
16
Let z(o) = 6*o + 0*o**2 + 2*o**2 - 3*o**2. Let r be z(5). Suppose 2*s = -r + 23. Calculate the remainder when 16 is divided by s.
7
Let w be 1/(-4) - (-1186)/8. Suppose -2*h = 2*h - w. Calculate the remainder when h is divided by 19.
18
Suppose -k = -0*k - 48. Let x = 87 - k. What is the